 y(k). What is the highest common factor of 27 and o?
9
Suppose x - 3 = -1. Suppose -h + x*h = 55. Calculate the greatest common factor of 22 and h.
11
Let m = 0 + 2. Suppose -12 = 3*t, -m*t = -4*q - 5*t + 4. Suppose 3*d + 4*y - 15 = 0, -q*d + 0*y - 2*y = -30. What is the greatest common divisor of d and 99?
9
Let n = -28 - -42. What is the highest common factor of 42 and n?
14
Let u = 233 - 123. Calculate the highest common factor of u and 44.
22
Let c be 12/(-7)*14/(-4). What is the greatest common factor of c and 12?
6
Suppose -5*y = -y. Suppose s = -d - 1, -19 = -2*d - y*s + 5*s. Calculate the highest common factor of 22 and d.
2
Let f be (4/(-4))/((-1)/29). Let u = f - 19. Suppose g = -0*g + u. Calculate the highest common factor of g and 80.
10
Let j be (-3 + 2)/(3/(-33)). What is the highest common divisor of 77 and j?
11
Let f = -12 + 14. Let o(s) be the second derivative of s**3/6 + 3*s**2/2 + 2*s. Let x be o(0). Calculate the highest common factor of x and f.
1
Suppose 0 = -3*t + 16 - 13. Calculate the greatest common factor of 8 and t.
1
Let i be 24/(-30)*(-25)/2. What is the greatest common factor of i and 80?
10
Let y be (60/50)/(2/(-10)). Let b be (-12)/y*(-9)/(-2). What is the highest common factor of 9 and b?
9
Let f(a) = a**3 - 3*a**2 - a - 2. Let d be f(2). Let x(c) = -c. Let w be x(d). What is the greatest common divisor of w and 2?
2
Suppose 2*z - 3*x = 12, 11 = -0*z + z - 4*x. Suppose 0 = z*g - 71 + 17. What is the greatest common factor of 18 and g?
18
Let z = -32 - -42. What is the highest common divisor of 5 and z?
5
Suppose u + 3 = 0, -s - 3*u - 12 = 2*u. Let n be 1*s + (-150)/(-5). Let x(g) = 4*g - 1. Let a be x(1). Calculate the highest common divisor of n and a.
3
Let x be (-4 + (-4 - -127))/1. Calculate the greatest common factor of 17 and x.
17
Suppose 3*v + 161 = 3*d + v, -2*v + 124 = 2*d. Calculate the greatest common factor of 3 and d.
3
Suppose -297 = -5*f - 3*i, 0 = -0*i + i + 1. What is the greatest common factor of 20 and f?
20
Suppose 8*n + 0*n - 896 = 0. Calculate the greatest common factor of 16 and n.
16
Suppose 0 = -2*h + 30 + 28. Let n be (-4)/(-8) - h/(-2). What is the greatest common factor of n and 90?
15
Let j be (-1)/(-3) + 32/12. Suppose j*p - 48 = -0. What is the highest common divisor of p and 32?
16
Suppose -17 = -2*u + z - 2*z, 0 = -z - 3. What is the greatest common factor of u and 20?
10
Let a = -36 - -54. Let m(x) = -6*x - 3. Let y be m(-8). What is the greatest common divisor of a and y?
9
Suppose -50 = 6*l - l. Let w be (-4)/l - (-8)/(-20). Suppose w = 2*g - g - 2. What is the highest common divisor of 2 and g?
2
Let b = -10 + 11. Suppose l = 6 + b. What is the highest common factor of l and 28?
7
Let w(f) = f**2 + 7*f - 3. Let b be w(-7). Let t(p) = p**3 + 6*p**2 - 5*p + 9. Let m be t(-7). Let y = b - m. Calculate the highest common factor of 1 and y.
1
Suppose -20 = 3*n - 5*q, 3*n - n + 3*q = 12. Suppose -3*j - j + 88 = n. Let y = 22 - -11. What is the greatest common divisor of j and y?
11
Let m = -15 - -5. Let f(x) = -x**2 - 11*x + 10. Let j be f(m). What is the greatest common factor of 10 and j?
10
Let x(q) = q - 5. Let r be x(9). Suppose -2*w - 638 = -4*y - 4*w, -2*y - r*w = -316. Calculate the greatest common divisor of 64 and y.
32
Let x be (-204)/15*(-5)/1. Let r = 2 + x. What is the highest common divisor of 28 and r?
14
Let x = 13 - 7. Let j = x - 6. Let o be (j + -1)*-1*72. What is the greatest common factor of 8 and o?
8
Let j = 101 - 31. Suppose 0*h - j = -2*h. What is the greatest common divisor of h and 14?
7
Let x(o) = o**3 + o**2 + o + 8. Let h be x(0). What is the highest common factor of h and 8?
8
Let o be (-15)/((-3)/6*2). Let d(t) = 10*t**2 + 2*t + 1. Let k be d(-2). Suppose -4*y + k = -3. What is the greatest common factor of y and o?
5
Let n(h) = -h**3 + 5*h**2 + 3*h - 11. Let k be n(5). Suppose -314 = -k*z + 226. What is the highest common factor of z and 15?
15
Suppose 15 = 2*b + 5*j - 0*j, -j = 3*b - 55. Let v be 0 - (-1*221 - -1). What is the greatest common factor of b and v?
20
Suppose -3*u - 2*c = 2*c - 86, -3*c - 123 = -4*u. Suppose 3*q - 50 = 10. Calculate the highest common factor of u and q.
10
Suppose -5*a + y = -55, -4*y + 15 = 2*a - 7. Let g(h) = 7 + h**2 + 5*h**2 - 3*h**2 + h. Let n be g(-5). Calculate the greatest common factor of a and n.
11
Let v(g) = g**3 - 21*g**2 + 21*g + 16. Let i be v(20). Let t = 122 + -32. What is the greatest common divisor of i and t?
18
Let f = 27 - 25. What is the highest common divisor of f and 16?
2
Let g = -45 + 68. Calculate the highest common factor of g and 161.
23
Let u be (-75)/(-10) - 2/4. Let p be (0 - -8) + (4 - u). Calculate the highest common divisor of p and 15.
5
Let m = 3 - 0. Suppose m*k - 33 = -3. Calculate the highest common divisor of 20 and k.
10
Let y = -3 + 8. Suppose 0 - 4 = q. Let h = y + q. What is the highest common divisor of h and 11?
1
Let i be ((-8)/3)/4*-45. Suppose i = -2*h + 7*h. Let b be (-60)/25*(-100)/h. Calculate the highest common factor of b and 10.
10
Suppose 0 = 2*l - 5*l. Suppose l*b + 10 = b. What is the greatest common factor of b and 5?
5
Suppose -5*t - 6 = d, 5*d + 3*t = 4*d. What is the highest common factor of d and 27?
9
Suppose m + 1 = 2*z + 9, 4*m - 26 = 5*z. Suppose -5*x + 174 + 1186 = 0. Suppose -96 + x = 4*y. What is the highest common divisor of m and y?
4
Suppose 5*d = d + 72. Suppose 5*i - 12 = d. What is the greatest common divisor of 4 and i?
2
Suppose 120*p - 122*p + 10 = 0. Let q be ((-1)/3)/((-2)/30). Calculate the highest common factor of p and q.
5
Suppose -206 = -3*y - 2*a, 4*y - 3*a = y + 201. What is the greatest common divisor of 34 and y?
34
Let f = 57 + -17. Suppose -5*p + 25 = 3*l, 2*l + 18 = p - 0*l. Calculate the highest common divisor of p and f.
8
Let u be (6/7)/((-1)/(-14)). Let p = 26 - u. Suppose -2*i = -5*s - 70, 0*s + 140 = 4*i - 2*s. What is the greatest common divisor of i and p?
7
Let w(g) = -6*g**3 - g**2 - g. Let h be w(-1). Let q = -59 - -101. Calculate the greatest common divisor of q and h.
6
Let u(v) = v**3 - 7*v**2 + 5. Let c be u(7). Suppose -c*b = -50 - 5. Let q be 6/15 + (-6)/(-10). Calculate the highest common factor of b and q.
1
Suppose 49 = 3*h + 4*h. What is the greatest common divisor of h and 77?
7
Let h be (-332)/6*1*-3. Let a be ((-1)/(-2))/(1/h). Let j = a - 28. What is the greatest common divisor of j and 5?
5
Suppose 107 = 4*p - 5*o - 463, -5*p + 2*o = -721. What is the greatest common factor of p and 58?
29
Let u = -22 - -30. What is the highest common divisor of u and 32?
8
Let j be (-1 + 2)/(3/12). Suppose -2 + 70 = j*m. Calculate the highest common factor of 68 and m.
17
Let a = -19 + 36. Let s(b) = -2*b - 6. Let k be s(-4). Suppose k*n - 21 = 13. What is the greatest common divisor of n and a?
17
Let o be -3 - (-1016)/13 - (-8)/(-52). Calculate the highest common divisor of 15 and o.
15
Suppose 2*r - 7*r = 450. Let y be (-20)/r + 466/9. Calculate the greatest common divisor of 13 and y.
13
Let p = -1 - -7. Suppose -3*y + p*y - 90 = 0. Calculate the highest common factor of y and 6.
6
Suppose 3*s - 36 = -s - 4*l, 3*s + 2*l = 24. What is the highest common factor of s and 12?
6
Let a(z) be the third derivative of z**5/15 + z**4/6 - 2*z**3/3 - 5*z**2. Let t be a(3). What is the greatest common divisor of 11 and t?
11
Suppose 6*z = 4*z + 28. What is the highest common divisor of 14 and z?
14
Let b be 0*1/(-2) - -35. Let h be 564/108 - 2/9. What is the greatest common divisor of h and b?
5
Let k = 47 - 35. Calculate the highest common factor of k and 60.
12
Let u(c) = c**2 - 7*c + 2. Let o be u(7). What is the greatest common factor of o and 1?
1
Let q = 42 - -3. Let v be (2/4)/((-2)/(-20)). What is the greatest common factor of v and q?
5
Let d be 424/5 - (-7)/35. Suppose -4*l = -42 - 26. Calculate the highest common divisor of d and l.
17
Let h(d) = -d + 14. Let m be h(10). Suppose -2*u + 8*u - 48 = 0. Calculate the greatest common divisor of m and u.
4
Let x = -2 + 12. Calculate the highest common divisor of 80 and x.
10
Suppose -2*x - 4 = -16. Suppose 5*j + 4*o = 120, x*j - 5*o = j + 75. Calculate the greatest common divisor of 4 and j.
4
Suppose -6*q = -121 - 269. Suppose -v - 4*c = -25, 6*v - 27 = 3*v